13 (base 4) to base 16.
-7
Convert 110110 (base 2) to base 7.
105
Convert 10 (base 13) to base 2.
1101
Convert 3d (base 16) to base 4.
331
-2 (base 9) to base 4
-2
Convert -142 (base 6) to base 11.
-57
Convert -11 (base 2) to base 8.
-3
-27 (base 11) to base 8
-35
What is -6 (base 7) in base 13?
-6
3 (base 13) to base 4
3
-3 (base 8) to base 10
-3
What is 3 (base 13) in base 10?
3
Convert -21 (base 5) to base 7.
-14
What is 0 (base 9) in base 3?
0
2 (base 5) to base 7
2
0 (base 11) to base 4
0
Convert 3 (base 15) to base 6.
3
Convert -5 (base 12) to base 4.
-11
-10100 (base 4) to base 3
-101002
What is 3 (base 13) in base 16?
3
Convert -11020 (base 3) to base 9.
-136
1 (base 13) to base 2
1
-35 (base 13) to base 16
-2c
Convert -11 (base 14) to base 12.
-13
3 (base 15) to base 9
3
What is 42 (base 9) in base 8?
46
12 (base 13) to base 11
14
-4 (base 13) to base 15
-4
Convert -101 (base 15) to base 14.
-122
What is 0 (base 5) in base 8?
0
Convert -10 (base 7) to base 10.
-7
Convert -1 (base 4) to base 2.
-1
1150 (base 6) to base 4
10122
Convert -104 (base 6) to base 2.
-101000
What is -69 (base 16) in base 4?
-1221
What is -1011 (base 3) in base 8?
-37
a (base 11) to base 3
101
1 (base 4) to base 5
1
198 (base 11) to base 12
170
-62 (base 7) to base 5
-134
What is 0 (base 14) in base 6?
0
What is -10 (base 6) in base 16?
-6
What is -165 (base 13) in base 8?
-374
Convert 10 (base 3) to base 14.
3
Convert 7 (base 11) to base 13.
7
What is 7 (base 16) in base 12?
7
What is -7 (base 8) in base 9?
-7
What is 8 (base 16) in base 15?
8
Convert 14 (base 10) to base 4.
32
22 (base 5) to base 14
c
-8 (base 9) to base 5
-13
Convert 41 (base 14) to base 16.
39
-10 (base 10) to base 2
-1010
Convert -47 (base 16) to base 14.
-51
-3 (base 16) to base 15
-3
-4 (base 12) to base 6
-4
Convert 17 (base 10) to base 9.
18
What is 6 (base 16) in base 8?
6
3 (base 5) to base 6
3
Convert -1 (base 8) to base 14.
-1
Convert 2 (base 12) to base 16.
2
Convert -1 (base 9) to base 7.
-1
-122 (base 3) to base 11
-16
What is 154 (base 10) in base 3?
12201
What is 69 (base 14) in base 10?
93
Convert -11 (base 2) to base 4.
-3
Convert -b (base 16) to base 2.
-1011
Convert 20 (base 3) to base 15.
6
Convert 11 (base 12) to base 7.
16
Convert 2 (base 6) to base 2.
10
1 (base 12) to base 2
1
What is -10001 (base 2) in base 15?
-12
What is -45 (base 9) in base 3?
-1112
Convert -10 (base 5) to base 6.
-5
Convert -2 (base 15) to base 3.
-2
Convert -2 (base 12) to base 15.
-2
What is 1 (base 5) in base 10?
1
-3a (base 14) to base 8
-64
What is -5 (base 12) in base 16?
-5
Convert 37 (base 10) to base 13.
2b
Convert 0 (base 6) to base 10.
0
What is -14 (base 5) in base 15?
-9
101 (base 2) to base 10
5
-1001 (base 2) to base 3
-100
11 (base 4) to base 13
5
Convert -4 (base 13) to base 11.
-4
What is -e9 (base 16) in base 8?
-351
What is 1001 (base 2) in base 3?
100
1 (base 15) to base 6
1
Convert 483 (base 9) to base 2.
110001111
What is -2 (base 12) in base 16?
-2
Convert -42 (base 8) to base 15.
-24
What is -1 (base 8) in base 4?
-1
Convert 5 (base 11) to base 15.
5
What is 95 (base 12) in base 13?
89
What is -103 (base 7) in base 14?
-3a
What is 133 (base 5) in base 4?
223
What is -65 (base 10) in base 12?
-55
2 (base 7) to base 12
2
Convert -1 (base 5) to base 12.
-1
4 (base 13) to base 16
4
28 (base 16) to base 11
37
-65 (base 16) to base 8
-145
What is -5 (base 14) in base 3?
-12
What is -110010 (base 2) in base 7?
-101
Convert -2 (base 9) to base 14.
-2
Convert 1323 (base 5) to base 12.
159
Convert -3 (base 9) to base 16.
-3
-3 (base 12) to base 15
-3
Convert 25 (base 7) to base 4.
103
3 (base 13) to base 4
3
2 (base 16) to base 9
2
Convert -3 (base 14) to base 7.
-3
-34 (base 11) to base 13
-2b
What is -1001 (base 2) in base 8?
-11
Convert -1202 (base 3) to base 16.
-2f
-24 (base 6) to base 14
-12
Convert 200 (base 6) to base 10.
72
What is -52 (base 7) in base 4?
-211
Convert -8 (base 9) to base 6.
-12
-6 (base 7) to base 9
-6
Convert -5 (base 9) to base 10.
-5
112 (base 14) to base 13
134
What is 1001 (base 2) in base 7?
12
What is -20 (base 4) in base 12?
-8
-11 (base 10) to base 5
-21
-20 (base 11) to base 3
-211
What is 1a (base 13) in base 12?
1b
What is 64 (base 15) in base 10?
94
Convert -100 (base 9) to base 4.
-1101
Convert -120 (base 3) to base 10.
-15
21 (base 8) to base 14
13
Convert -3 (base 16) to base 12.
-3
What is 20 (base 8) in base 14?
12
What is -401 (base 6) in base 3?
-12101
-117 (base 15) to base 6
-1051
What is -1304 (base 5) in base 13?
-129
Convert -1 (base 15) to base 8.
-1
What is -1002 (base 3) in base 15?
-1e
Convert -1a (base 16) to base 7.
-35
Convert 5 (base 7) to base 9.
5
What is -5 (base 6) in base 14?
-5
What is -2 (base 7) in base 6?
-2
Convert -42 (base 6) to base 14.
-1c
What is -3 (base 10) in base 3?
-10
4 (base 11) to base 2
100
-100112 (base 3) to base 5
-2012
1 (base 15) to base 6
1
111 (base 2) to base 11
7
Convert -3 (base 15) to base 6.
-3
3 (base 10) to base 7
3
-9a (base 13) to base 15
-87
-21 (base 16) to base 6
-53
-26 (base 12) to base 8
-36
92 (base 11) to base 6
245
Convert 152 (base 10) to base 8.
230
Convert -2a (base 13) to base 2.
-100100
What is -3 (base 4) in base 10?
-3
Convert -39 (base 12) to base 4.
-231
What is -1a4 (base 13) in base 16?
-12f
Convert 4 (base 5) to base 3.
11
What is 102 (base 8) in base 10?
66
Convert 14 (base 16) to base 9.
22
What is -1111 (base 3) in base 8?
-50
Convert 7 (base 11) to base 12.
7
What is 2e (base 16) in base 6?
114
-2 (base 11) to base 16
-2
What is -216 (base 11) in base 3?
-100121
-3 (base 14) to base 13
-3
Convert -100 (base 2) to base 15.
-4
-17 (base 15) to base 3
-211
-22 (base 8) to base 14
-14
Convert 10011 (base 2) to base 13.
16
What is 3 (base 4) in base 7?
3
Convert 2c (base 14) to base 4.
220
114 (base 7) to base 15
40
What is -8 (base 14) in base 7?
-11
Convert -3 (base 12) to base 5.
-3
0 (base 10) to base 6
0
a (base 12) to base 7
13
What is 5 (base 7) in base 11?
5
Convert -1 (base 4) to base 9.
-1
-17 (base 8) to base 16
-f
-21 (base 10) to base 7
-30
Convert -4 (base 6) to base 2.
-100
16 (base 8) to base 16
e
What is -70 (base 11) in base 15?
-52
Convert -327 (base 8) to base 14.
-115
Convert -11110111 (base 2) to base 12.
-187
What is 14 (base 14) in base 15?
13
4b (base 16) to base 13
5a
Convert -8 (base 11) to base 15.
-8
-51 (base 16) to base 9
-100
What is 3 (base 7) in base 16?
3
-5d (base 15) to base 10
-88
-306 (base 7) to base 8
-231
Convert -37 (base 8) to base 10.
-31
What is -20 (base 3) in base 15?
-6
Convert -17 (base 12) to base 6.
-31
What is -221 (base 6) in base 16?
-55
What is 132 (base 6) in base 9?
62
Convert 3 (base 15) to base 11.
3
What is -7 (base 15) in base 4?
-13
What is 0 (base 15) in base 12?
0
What is -3 (base 9) in base 8?
-3
Convert -21 (base 5) to base 13.
-b
Convert -104 (base 6) to base 14.
-2c
-8 (base 15) to base 7
-11
Convert -9 (base 16) to base 12.
-9
What is 240 (base 6) in base 12?
80
Convert 1c (base 15) to base 9.
30
-75 (base 8) to base 6
-141
Convert 215 (base 8) to base 10.
141
-16 (base 7) to base 6
-21
-1 (base 2) to base 14
-1
What is -12 (base 15) in base 5?
-32
-11100 (base 2) to base 6
-44
-114 (base 14) to base 2
-11010110
Convert c (base 14) to base 12.
10
What is -3 (base 8) in base 2?
-11
Convert -12 (base 16) to base 14.
-14
-102 (base 5) to base 3
-1000
Convert 66 (base 7) to base 13.
39
What is 1 (base 3) in base 2?
1
Convert -8 (base 13) to base 3.
-22
43 (base 7) to base 14
23
116 (base 8) to base 10
78
What is -5 (base 10) in base 6?
-5
Convert -6 (base 8) to base 3.
-20
What is 2 (base 14) in base 15?
2
Convert 2222 (base 3) to base 4.
1100
What is -2022 (base 3) in base 2?
-111110
-3 (base 5) to base 8
-3
Convert -38 (base 16) to base 12.
-48
Convert -1 (base 2) to base 11.
-1
Convert -9 (base 12) to base 10.
-9
What is -1055 (base 6) in base 12?
-18b
Convert 13 (base 11) to base 2.
1110
7 (base 14) to base 11
7
What is 0 (base 15) in base 9?
0
What is 40 (base 5) in base 10?
20
3 (base 7) to base 9
3
Convert -21 (base 15) to base 12.
-27
Convert 0 (base 12) to base 11.
0
What is -7 (base 13) in base 3?
-21
Convert -2 (base 9) to base 6.
-2
Convert 36 (base 7) to base 9.
30
What is -12 (base